{"id":10582,"date":"2018-02-14T09:41:09","date_gmt":"2018-02-14T09:41:09","guid":{"rendered":"https:\/\/aac-europe.org\/2018\/02\/14\/comite-regional-de-la-conchyliculture-bretagne-nord\/"},"modified":"2024-12-12T08:44:17","modified_gmt":"2024-12-12T08:44:17","slug":"comite-regional-de-la-conchyliculture-bretagne-nord","status":"publish","type":"member","link":"https:\/\/aac-europe.org\/en\/member\/comite-regional-de-la-conchyliculture-bretagne-nord\/","title":{"rendered":"Comit\u00e9 R\u00e9gional de la Conchyliculture Bretagne-Nord"},"content":{"rendered":"<p>Sylvain Corn\u00e9e<\/p>\n","protected":false},"featured_media":0,"template":"","acf":[],"_links":{"self":[{"href":"https:\/\/aac-europe.org\/en\/wp-json\/wp\/v2\/member\/10582"}],"collection":[{"href":"https:\/\/aac-europe.org\/en\/wp-json\/wp\/v2\/member"}],"about":[{"href":"https:\/\/aac-europe.org\/en\/wp-json\/wp\/v2\/types\/member"}],"wp:attachment":[{"href":"https:\/\/aac-europe.org\/en\/wp-json\/wp\/v2\/media?parent=10582"}],"curies":[{"name":"wp","href":"https:\/\/api.w.org\/{rel}","templated":true}]}}

Comité Régional de la Conchyliculture Bretagne-Nord

<p>Sylvain Cornée</p>
