{"id":10719,"date":"2018-07-06T14:05:52","date_gmt":"2018-07-06T14:05:52","guid":{"rendered":"https:\/\/aac-europe.org\/2018\/07\/06\/presentacion-del-cca-ante-el-comite-de-las-regiones\/"},"modified":"2018-07-06T14:05:52","modified_gmt":"2018-07-06T14:05:52","slug":"presentacion-del-cca-ante-el-comite-de-las-regiones","status":"publish","type":"publication","link":"https:\/\/aac-europe.org\/es\/publication\/presentacion-del-cca-ante-el-comite-de-las-regiones\/","title":{"rendered":"Presentaci\u00f3n del CCA ante el Comit\u00e9 de las Regiones"},"content":{"rendered":"<p>El Sr. Richie Flynn, Presidente de la CCA, fue invitado a dar una presentaci\u00f3n en el evento conjunto de la Comisi\u00f3n Europea y el Comit\u00e9 de las Regiones sobre la acuicultura europea el 2 de febrero de 2018.<\/p>\n<p><!--more--><\/p>\n<p><a href=\"http:\/\/aac-europe.org\/wp-content\/uploads\/2018\/07\/AAC_presentation_Com_regions_Feb_2018.pdf\" target=\"_blank\" rel=\"noopener\"><strong>&nbsp;Descargue la presentaci\u00f3n aqu\u00ed.<\/strong><\/a><\/p>\n","protected":false},"featured_media":0,"template":"","categories":[1364],"tags":[],"acf":[],"_links":{"self":[{"href":"https:\/\/aac-europe.org\/es\/wp-json\/wp\/v2\/publication\/10719"}],"collection":[{"href":"https:\/\/aac-europe.org\/es\/wp-json\/wp\/v2\/publication"}],"about":[{"href":"https:\/\/aac-europe.org\/es\/wp-json\/wp\/v2\/types\/publication"}],"wp:attachment":[{"href":"https:\/\/aac-europe.org\/es\/wp-json\/wp\/v2\/media?parent=10719"}],"wp:term":[{"taxonomy":"category","embeddable":true,"href":"https:\/\/aac-europe.org\/es\/wp-json\/wp\/v2\/categories?post=10719"},{"taxonomy":"post_tag","embeddable":true,"href":"https:\/\/aac-europe.org\/es\/wp-json\/wp\/v2\/tags?post=10719"}],"curies":[{"name":"wp","href":"https:\/\/api.w.org\/{rel}","templated":true}]}}

Presentación del CCA ante el Comité de las Regiones

<p>El Sr. Richie Flynn, Presidente de la CCA, fue invitado a dar una presentación en el evento conjunto de la Comisión Europea y el Comité de las Regiones sobre la acuicultura europea el 2 de febrero de 2018.</p>
<p><!--more--></p>
<p><a href="http://aac-europe.org/wp-content/uploads/2018/07/AAC_presentation_Com_regions_Feb_2018.pdf" target="_blank" rel="noopener"><strong>&nbsp;Descargue la presentación aquí.</strong></a></p>
