{"id":10806,"date":"2019-07-10T10:23:05","date_gmt":"2019-07-10T10:23:05","guid":{"rendered":"https:\/\/aac-europe.org\/2019\/07\/12\/importacion-desde-turquia-de-trucha-arco-iris-del-tamano-de-una-porcion-subsidiada\/"},"modified":"2024-02-06T15:48:55","modified_gmt":"2024-02-06T15:48:55","slug":"importacion-desde-turquia-de-trucha-arco-iris-del-tamano-de-una-porcion-subsidiada","status":"publish","type":"publication","link":"https:\/\/aac-europe.org\/es\/publication\/importacion-desde-turquia-de-trucha-arco-iris-del-tamano-de-una-porcion-subsidiada\/","title":{"rendered":"Importaci\u00f3n desde Turqu\u00eda de trucha arco iris del tama\u00f1o de una porci\u00f3n subsidiada"},"content":{"rendered":"<p>El CCA pide a la Comisi\u00f3n que tome todas las medidas necesarias para encontrar una soluci\u00f3n duradera de mutuo acuerdo con el gobierno turco a fin de asegurar a los criadores de truchas de la UE un contexto de competencia internacional equitativo.<\/p>\n<p><!--more--><\/p>\n","protected":false},"featured_media":0,"template":"","categories":[1362],"tags":[3926,3920,3925,3924,3923,3922,3921],"acf":[],"_links":{"self":[{"href":"https:\/\/aac-europe.org\/es\/wp-json\/wp\/v2\/publication\/10806"}],"collection":[{"href":"https:\/\/aac-europe.org\/es\/wp-json\/wp\/v2\/publication"}],"about":[{"href":"https:\/\/aac-europe.org\/es\/wp-json\/wp\/v2\/types\/publication"}],"wp:attachment":[{"href":"https:\/\/aac-europe.org\/es\/wp-json\/wp\/v2\/media?parent=10806"}],"wp:term":[{"taxonomy":"category","embeddable":true,"href":"https:\/\/aac-europe.org\/es\/wp-json\/wp\/v2\/categories?post=10806"},{"taxonomy":"post_tag","embeddable":true,"href":"https:\/\/aac-europe.org\/es\/wp-json\/wp\/v2\/tags?post=10806"}],"curies":[{"name":"wp","href":"https:\/\/api.w.org\/{rel}","templated":true}]}}

Importación desde Turquía de trucha arco iris del tamaño de una porción subsidiada

<p>El CCA pide a la Comisión que tome todas las medidas necesarias para encontrar una solución duradera de mutuo acuerdo con el gobierno turco a fin de asegurar a los criadores de truchas de la UE un contexto de competencia internacional equitativo.</p>
<p><!--more--></p>
