{"id":10865,"date":"2021-03-16T15:41:09","date_gmt":"2021-03-16T15:41:09","guid":{"rendered":"https:\/\/aac-europe.org\/2021\/03\/16\/recomendacion-del-cca-sobre-el-marco-de-la-union-europea-para-la-recopilacion-de-datos\/"},"modified":"2024-02-06T15:41:02","modified_gmt":"2024-02-06T15:41:02","slug":"recomendacion-del-cca-sobre-el-marco-de-la-union-europea-para-la-recopilacion-de-datos","status":"publish","type":"publication","link":"https:\/\/aac-europe.org\/es\/publication\/recomendacion-del-cca-sobre-el-marco-de-la-union-europea-para-la-recopilacion-de-datos\/","title":{"rendered":"Recomendaci\u00f3n del CCA sobre el Marco de la Uni\u00f3n Europea para la recopilaci\u00f3n de datos"},"content":{"rendered":"<p>El CCA ha publicado una recomendaci\u00f3n a la Comisi\u00f3n Europea sobre el marco de la Uni\u00f3n Europea para la recopilaci\u00f3n de datos.<\/p>\n<p><!--more--><\/p>\n<p>&nbsp;<\/p>\n","protected":false},"featured_media":0,"template":"","categories":[1362],"tags":[3889,3888,3887,3803],"acf":[],"_links":{"self":[{"href":"https:\/\/aac-europe.org\/es\/wp-json\/wp\/v2\/publication\/10865"}],"collection":[{"href":"https:\/\/aac-europe.org\/es\/wp-json\/wp\/v2\/publication"}],"about":[{"href":"https:\/\/aac-europe.org\/es\/wp-json\/wp\/v2\/types\/publication"}],"wp:attachment":[{"href":"https:\/\/aac-europe.org\/es\/wp-json\/wp\/v2\/media?parent=10865"}],"wp:term":[{"taxonomy":"category","embeddable":true,"href":"https:\/\/aac-europe.org\/es\/wp-json\/wp\/v2\/categories?post=10865"},{"taxonomy":"post_tag","embeddable":true,"href":"https:\/\/aac-europe.org\/es\/wp-json\/wp\/v2\/tags?post=10865"}],"curies":[{"name":"wp","href":"https:\/\/api.w.org\/{rel}","templated":true}]}}

Recomendación del CCA sobre el Marco de la Unión Europea para la recopilación de datos

<p>El CCA ha publicado una recomendación a la Comisión Europea sobre el marco de la Unión Europea para la recopilación de datos.</p>
<p><!--more--></p>
<p>&nbsp;</p>
