{"id":10871,"date":"2021-03-24T10:52:46","date_gmt":"2021-03-24T10:52:46","guid":{"rendered":"https:\/\/aac-europe.org\/2021\/03\/24\/recomendacion-del-cca-sobre-la-huella-climatica-del-sistema-alimentario-de-la-ue\/"},"modified":"2024-02-06T10:12:18","modified_gmt":"2024-02-06T10:12:18","slug":"recomendacion-del-cca-sobre-la-huella-climatica-del-sistema-alimentario-de-la-ue","status":"publish","type":"publication","link":"https:\/\/aac-europe.org\/es\/publication\/recomendacion-del-cca-sobre-la-huella-climatica-del-sistema-alimentario-de-la-ue\/","title":{"rendered":"Recomendaci\u00f3n del CCA sobre la huella clim\u00e1tica del sistema alimentario de la UE"},"content":{"rendered":"<p>El CCA ha publicado una recomendaci\u00f3n a la Comisi\u00f3n Europea&nbsp;y a los Estados miembros de la UE sobre la huella clim\u00e1tica del sistema alimentario de la UE.<\/p>\n<p><!--more--><\/p>\n<p>&nbsp;<\/p>\n","protected":false},"featured_media":0,"template":"","categories":[1362],"tags":[3886,3885,3837,3803],"acf":[],"_links":{"self":[{"href":"https:\/\/aac-europe.org\/es\/wp-json\/wp\/v2\/publication\/10871"}],"collection":[{"href":"https:\/\/aac-europe.org\/es\/wp-json\/wp\/v2\/publication"}],"about":[{"href":"https:\/\/aac-europe.org\/es\/wp-json\/wp\/v2\/types\/publication"}],"wp:attachment":[{"href":"https:\/\/aac-europe.org\/es\/wp-json\/wp\/v2\/media?parent=10871"}],"wp:term":[{"taxonomy":"category","embeddable":true,"href":"https:\/\/aac-europe.org\/es\/wp-json\/wp\/v2\/categories?post=10871"},{"taxonomy":"post_tag","embeddable":true,"href":"https:\/\/aac-europe.org\/es\/wp-json\/wp\/v2\/tags?post=10871"}],"curies":[{"name":"wp","href":"https:\/\/api.w.org\/{rel}","templated":true}]}}

Recomendación del CCA sobre la huella climática del sistema alimentario de la UE

<p>El CCA ha publicado una recomendación a la Comisión Europea&nbsp;y a los Estados miembros de la UE sobre la huella climática del sistema alimentario de la UE.</p>
<p><!--more--></p>
<p>&nbsp;</p>
