{"id":10968,"date":"2022-04-06T14:46:01","date_gmt":"2022-04-06T14:46:01","guid":{"rendered":"https:\/\/aac-europe.org\/2022\/04\/06\/recomendacion-sobre-la-depredacion-de-las-aves-en-el-sector-de-la-conquilicultura\/"},"modified":"2024-02-06T09:54:31","modified_gmt":"2024-02-06T09:54:31","slug":"recomendacion-sobre-la-depredacion-de-las-aves-en-el-sector-de-la-conquilicultura","status":"publish","type":"publication","link":"https:\/\/aac-europe.org\/es\/publication\/recomendacion-sobre-la-depredacion-de-las-aves-en-el-sector-de-la-conquilicultura\/","title":{"rendered":"Recomendaci\u00f3n del CCA sobre la depredaci\u00f3n de las aves en el sector de la conquilicultura"},"content":{"rendered":"<p>El CCA ha publicado una Recomendaci\u00f3n a la Comisi\u00f3n Europea y los Estados miembros sobre&nbsp;la depredaci\u00f3n de las aves en el sector de la conquilicultura.<\/p>\n<p><!--more--><\/p>\n<p>&nbsp;<\/p>\n","protected":false},"featured_media":0,"template":"","categories":[1362],"tags":[3618,3813,3814],"acf":[],"_links":{"self":[{"href":"https:\/\/aac-europe.org\/es\/wp-json\/wp\/v2\/publication\/10968"}],"collection":[{"href":"https:\/\/aac-europe.org\/es\/wp-json\/wp\/v2\/publication"}],"about":[{"href":"https:\/\/aac-europe.org\/es\/wp-json\/wp\/v2\/types\/publication"}],"wp:attachment":[{"href":"https:\/\/aac-europe.org\/es\/wp-json\/wp\/v2\/media?parent=10968"}],"wp:term":[{"taxonomy":"category","embeddable":true,"href":"https:\/\/aac-europe.org\/es\/wp-json\/wp\/v2\/categories?post=10968"},{"taxonomy":"post_tag","embeddable":true,"href":"https:\/\/aac-europe.org\/es\/wp-json\/wp\/v2\/tags?post=10968"}],"curies":[{"name":"wp","href":"https:\/\/api.w.org\/{rel}","templated":true}]}}

Recomendación del CCA sobre la depredación de las aves en el sector de la conquilicultura

<p>El CCA ha publicado una Recomendación a la Comisión Europea y los Estados miembros sobre&nbsp;la depredación de las aves en el sector de la conquilicultura.</p>
<p><!--more--></p>
<p>&nbsp;</p>
