{"id":14495,"date":"2023-12-07T16:20:21","date_gmt":"2023-12-07T16:20:21","guid":{"rendered":"https:\/\/aac-europe.org\/publication\/carta-de-la-aac-a-la-dg-mare-sobre-la-situacion-de-emergencia-relativa-al-cangrejo-azul-y-la-acuicultura\/"},"modified":"2024-03-08T11:30:49","modified_gmt":"2024-03-08T11:30:49","slug":"carta-del-caa-a-la-dg-mare-sobre-la-situacion-de-emergencia-relativa-al-cangrejo-azul-y-la-acuicultura","status":"publish","type":"publication","link":"https:\/\/aac-europe.org\/es\/publication\/carta-del-caa-a-la-dg-mare-sobre-la-situacion-de-emergencia-relativa-al-cangrejo-azul-y-la-acuicultura\/","title":{"rendered":"Carta del CAA a la DG MARE sobre la situaci\u00f3n de emergencia relativa al cangrejo azul y la acuicultura"},"content":{"rendered":"\n<p>El Grupo de Trabajo sobre Mariscos del Consejo Asesor de Acuicultura (CAA) ha escrito a la Directora Delilah Al Khudhairi para llamar la atenci\u00f3n sobre una situaci\u00f3n alarmante que afecta a la acuicultura de moluscos en Italia en este momento: la depredaci\u00f3n por la especie Callinectes sapidus, conocida como el &#8216;cangrejo azul&#8217;.<\/p>\n","protected":false},"featured_media":0,"template":"","categories":[3358],"tags":[3757,3965,4017,3618,3813,4019],"acf":[],"_links":{"self":[{"href":"https:\/\/aac-europe.org\/es\/wp-json\/wp\/v2\/publication\/14495"}],"collection":[{"href":"https:\/\/aac-europe.org\/es\/wp-json\/wp\/v2\/publication"}],"about":[{"href":"https:\/\/aac-europe.org\/es\/wp-json\/wp\/v2\/types\/publication"}],"wp:attachment":[{"href":"https:\/\/aac-europe.org\/es\/wp-json\/wp\/v2\/media?parent=14495"}],"wp:term":[{"taxonomy":"category","embeddable":true,"href":"https:\/\/aac-europe.org\/es\/wp-json\/wp\/v2\/categories?post=14495"},{"taxonomy":"post_tag","embeddable":true,"href":"https:\/\/aac-europe.org\/es\/wp-json\/wp\/v2\/tags?post=14495"}],"curies":[{"name":"wp","href":"https:\/\/api.w.org\/{rel}","templated":true}]}}

Carta del CAA a la DG MARE sobre la situación de emergencia relativa al cangrejo azul y la acuicultura

<p>El Grupo de Trabajo sobre Mariscos del Consejo Asesor de Acuicultura (CAA) ha escrito a la Directora Delilah Al Khudhairi para llamar la atención sobre una situación alarmante que afecta a la acuicultura de moluscos en Italia en este momento: la depredación por la especie Callinectes sapidus, conocida como el &#8216;cangrejo azul&#8217;.</p>
