{"id":14499,"date":"2023-08-22T12:00:13","date_gmt":"2023-08-22T12:00:13","guid":{"rendered":"https:\/\/aac-europe.org\/publication\/respuesta-de-la-comision-europea-a-la-recomendacion-de-la-caa-sobre-la-acuicultura-ecologica\/"},"modified":"2024-02-27T15:57:51","modified_gmt":"2024-02-27T15:57:51","slug":"respuesta-de-la-comision-europea-a-la-recomendacion-delcaa-sobre-la-acuicultura-ecologica","status":"publish","type":"publication","link":"https:\/\/aac-europe.org\/es\/publication\/respuesta-de-la-comision-europea-a-la-recomendacion-delcaa-sobre-la-acuicultura-ecologica\/","title":{"rendered":"Respuesta de la Comisi\u00f3n Europea a la Recomendaci\u00f3n del CAA sobre la acuicultura ecol\u00f3gica"},"content":{"rendered":"\n<p>La DG MARE Pol\u00edtica Mar\u00edtima y Econom\u00eda Azul (MARE. A) Respuesta del Director a la Recomendaci\u00f3n del CAA sobre Acuicultura Org\u00e1nica.<\/p>\n\n<p><\/p>\n","protected":false},"featured_media":0,"template":"","categories":[1366],"tags":[3674,3671,3638,3618,3673,3672,3675,3670,3669],"acf":[],"_links":{"self":[{"href":"https:\/\/aac-europe.org\/es\/wp-json\/wp\/v2\/publication\/14499"}],"collection":[{"href":"https:\/\/aac-europe.org\/es\/wp-json\/wp\/v2\/publication"}],"about":[{"href":"https:\/\/aac-europe.org\/es\/wp-json\/wp\/v2\/types\/publication"}],"wp:attachment":[{"href":"https:\/\/aac-europe.org\/es\/wp-json\/wp\/v2\/media?parent=14499"}],"wp:term":[{"taxonomy":"category","embeddable":true,"href":"https:\/\/aac-europe.org\/es\/wp-json\/wp\/v2\/categories?post=14499"},{"taxonomy":"post_tag","embeddable":true,"href":"https:\/\/aac-europe.org\/es\/wp-json\/wp\/v2\/tags?post=14499"}],"curies":[{"name":"wp","href":"https:\/\/api.w.org\/{rel}","templated":true}]}}

Respuesta de la Comisión Europea a la Recomendación del CAA sobre la acuicultura ecológica

<p>La DG MARE Política Marítima y Economía Azul (MARE. A) Respuesta del Director a la Recomendación del CAA sobre Acuicultura Orgánica.</p>

<p></p>
