{"id":14507,"date":"2023-08-23T07:42:25","date_gmt":"2023-08-23T07:42:25","guid":{"rendered":"https:\/\/aac-europe.org\/publication\/respuesta-de-la-comision-europea-a-las-recomendaciones-del-cca-mac-para-la-inclusion-de-indicadores-de-sostenibilidad-economica-en-el-informe-del-cctep-el-sector-de-la-acuicultura-de-la-ue\/"},"modified":"2024-02-27T15:58:03","modified_gmt":"2024-02-27T15:58:03","slug":"respuesta-de-la-comision-europea-a-las-recomendaciones-del-caa-mac-para-la-inclusion-de-indicadores-de-sostenibilidad-economica-en-el-informe-del-cctep-el-sector-de-la-acuicultura-de-la-ue","status":"publish","type":"publication","link":"https:\/\/aac-europe.org\/es\/publication\/respuesta-de-la-comision-europea-a-las-recomendaciones-del-caa-mac-para-la-inclusion-de-indicadores-de-sostenibilidad-economica-en-el-informe-del-cctep-el-sector-de-la-acuicultura-de-la-ue\/","title":{"rendered":"Respuesta de la Comisi\u00f3n Europea a las recomendaciones del CAA-MAC para la inclusi\u00f3n de indicadores de sostenibilidad econ\u00f3mica en el informe del CCTEP \u00abEl sector de la acuicultura de la UE\u00bb"},"content":{"rendered":"\n<p>La DG MARE Pol\u00edtica Mar\u00edtima y Econom\u00eda Azul (MARE. A) Respuesta del Director a las Recomendaciones del CAA-MAC para la inclusi\u00f3n de indicadores de sostenibilidad econ\u00f3mica en el informe del CCTEP \u00abEl sector de la acuicultura de la UE\u00bb.<\/p>\n","protected":false},"featured_media":0,"template":"","categories":[1366],"tags":[3685,3682,3684,3683,3681],"acf":[],"_links":{"self":[{"href":"https:\/\/aac-europe.org\/es\/wp-json\/wp\/v2\/publication\/14507"}],"collection":[{"href":"https:\/\/aac-europe.org\/es\/wp-json\/wp\/v2\/publication"}],"about":[{"href":"https:\/\/aac-europe.org\/es\/wp-json\/wp\/v2\/types\/publication"}],"wp:attachment":[{"href":"https:\/\/aac-europe.org\/es\/wp-json\/wp\/v2\/media?parent=14507"}],"wp:term":[{"taxonomy":"category","embeddable":true,"href":"https:\/\/aac-europe.org\/es\/wp-json\/wp\/v2\/categories?post=14507"},{"taxonomy":"post_tag","embeddable":true,"href":"https:\/\/aac-europe.org\/es\/wp-json\/wp\/v2\/tags?post=14507"}],"curies":[{"name":"wp","href":"https:\/\/api.w.org\/{rel}","templated":true}]}}

Respuesta de la Comisión Europea a las recomendaciones del CAA-MAC para la inclusión de indicadores de sostenibilidad económica en el informe del CCTEP «El sector de la acuicultura de la UE»

<p>La DG MARE Política Marítima y Economía Azul (MARE. A) Respuesta del Director a las Recomendaciones del CAA-MAC para la inclusión de indicadores de sostenibilidad económica en el informe del CCTEP «El sector de la acuicultura de la UE».</p>
