{"id":14898,"date":"2024-11-05T15:07:08","date_gmt":"2024-11-05T15:07:08","guid":{"rendered":"https:\/\/aac-europe.org\/publication\/nota-informativa-del-cca-a-la-dg-mare-sobre-el-documento-de-orientacion-sobre-comportamiento-medioambiental\/"},"modified":"2024-11-05T15:22:00","modified_gmt":"2024-11-05T15:22:00","slug":"nota-informativa-del-cca-a-la-dg-mare-sobre-el-documento-de-orientacion-sobre-comportamiento-medioambiental","status":"publish","type":"publication","link":"https:\/\/aac-europe.org\/es\/publication\/nota-informativa-del-cca-a-la-dg-mare-sobre-el-documento-de-orientacion-sobre-comportamiento-medioambiental\/","title":{"rendered":"Nota informativa del CCA a la DG MARE sobre el documento de orientaci\u00f3n sobre comportamiento medioambiental"},"content":{"rendered":"\n<p>El CCA ha redactado una nota informativa a la DG MARE con los comentarios de los miembros del CCA sobre el Documento de Orientaci\u00f3n sobre Actuaci\u00f3n Medioambiental. Se envi\u00f3 junto con la carta del CCA a la DG MARE sobre los documentos de orientaci\u00f3n.<\/p>\n","protected":false},"featured_media":0,"template":"","categories":[3358],"tags":[3705,4119,4121,4120],"acf":[],"_links":{"self":[{"href":"https:\/\/aac-europe.org\/es\/wp-json\/wp\/v2\/publication\/14898"}],"collection":[{"href":"https:\/\/aac-europe.org\/es\/wp-json\/wp\/v2\/publication"}],"about":[{"href":"https:\/\/aac-europe.org\/es\/wp-json\/wp\/v2\/types\/publication"}],"wp:attachment":[{"href":"https:\/\/aac-europe.org\/es\/wp-json\/wp\/v2\/media?parent=14898"}],"wp:term":[{"taxonomy":"category","embeddable":true,"href":"https:\/\/aac-europe.org\/es\/wp-json\/wp\/v2\/categories?post=14898"},{"taxonomy":"post_tag","embeddable":true,"href":"https:\/\/aac-europe.org\/es\/wp-json\/wp\/v2\/tags?post=14898"}],"curies":[{"name":"wp","href":"https:\/\/api.w.org\/{rel}","templated":true}]}}

Nota informativa del CCA a la DG MARE sobre el documento de orientación sobre comportamiento medioambiental

<p>El CCA ha redactado una nota informativa a la DG MARE con los comentarios de los miembros del CCA sobre el Documento de Orientación sobre Actuación Medioambiental. Se envió junto con la carta del CCA a la DG MARE sobre los documentos de orientación.</p>
