{"id":14941,"date":"2024-11-26T13:29:06","date_gmt":"2024-11-26T13:29:06","guid":{"rendered":"https:\/\/aac-europe.org\/publication\/carta-de-inter-cc-al-sr-costas-kadis-para-su-aprobacion-parlamentaria-como-comisario-de-pesca-y-oceanos\/"},"modified":"2024-11-26T13:39:16","modified_gmt":"2024-11-26T13:39:16","slug":"carta-de-inter-cc-al-sr-costas-kadis-para-su-aprobacion-parlamentaria-como-comisario-de-pesca-y-oceanos","status":"publish","type":"publication","link":"https:\/\/aac-europe.org\/es\/publication\/carta-de-inter-cc-al-sr-costas-kadis-para-su-aprobacion-parlamentaria-como-comisario-de-pesca-y-oceanos\/","title":{"rendered":"Carta de Inter-CC al Sr. Costas Kadis para su aprobaci\u00f3n parlamentaria como Comisario de Pesca y Oc\u00e9anos"},"content":{"rendered":"\n<p>Los once Consejos Consultivos han escrito una carta de felicitaci\u00f3n al Sr. Costas Kadis por su aprobaci\u00f3n parlamentaria como Comisario de Pesca y Oc\u00e9anos. <\/p>\n","protected":false},"featured_media":0,"template":"","categories":[3358],"tags":[3757,4017,4124,4059,4024],"acf":[],"_links":{"self":[{"href":"https:\/\/aac-europe.org\/es\/wp-json\/wp\/v2\/publication\/14941"}],"collection":[{"href":"https:\/\/aac-europe.org\/es\/wp-json\/wp\/v2\/publication"}],"about":[{"href":"https:\/\/aac-europe.org\/es\/wp-json\/wp\/v2\/types\/publication"}],"wp:attachment":[{"href":"https:\/\/aac-europe.org\/es\/wp-json\/wp\/v2\/media?parent=14941"}],"wp:term":[{"taxonomy":"category","embeddable":true,"href":"https:\/\/aac-europe.org\/es\/wp-json\/wp\/v2\/categories?post=14941"},{"taxonomy":"post_tag","embeddable":true,"href":"https:\/\/aac-europe.org\/es\/wp-json\/wp\/v2\/tags?post=14941"}],"curies":[{"name":"wp","href":"https:\/\/api.w.org\/{rel}","templated":true}]}}

Carta de Inter-CC al Sr. Costas Kadis para su aprobación parlamentaria como Comisario de Pesca y Océanos

<p>Los once Consejos Consultivos han escrito una carta de felicitación al Sr. Costas Kadis por su aprobación parlamentaria como Comisario de Pesca y Océanos. </p>
