{"id":15555,"date":"2025-11-27T15:57:24","date_gmt":"2025-11-27T15:57:24","guid":{"rendered":"https:\/\/aac-europe.org\/publication\/respuesta-de-la-comision-europea-al-aviso-del-cca-ccm-sobre-el-informe-economico-del-cctep-sobre-el-sector-acuicola-de-la-ue-2025\/"},"modified":"2025-12-02T08:38:46","modified_gmt":"2025-12-02T08:38:46","slug":"respuesta-de-la-comision-europea-al-aviso-del-cca-ccm-sobre-el-informe-economico-del-cctep-sobre-el-sector-acuicola-de-la-ue-2025","status":"publish","type":"publication","link":"https:\/\/aac-europe.org\/es\/publication\/respuesta-de-la-comision-europea-al-aviso-del-cca-ccm-sobre-el-informe-economico-del-cctep-sobre-el-sector-acuicola-de-la-ue-2025\/","title":{"rendered":"Respuesta de la Comisi\u00f3n Europea al Aviso del CCA-CCM sobre el informe econ\u00f3mico del CCTEP sobre el sector acu\u00edcola de la UE (2025)"},"content":{"rendered":"","protected":false},"featured_media":0,"template":"","categories":[1366],"tags":[],"acf":[],"_links":{"self":[{"href":"https:\/\/aac-europe.org\/es\/wp-json\/wp\/v2\/publication\/15555"}],"collection":[{"href":"https:\/\/aac-europe.org\/es\/wp-json\/wp\/v2\/publication"}],"about":[{"href":"https:\/\/aac-europe.org\/es\/wp-json\/wp\/v2\/types\/publication"}],"wp:attachment":[{"href":"https:\/\/aac-europe.org\/es\/wp-json\/wp\/v2\/media?parent=15555"}],"wp:term":[{"taxonomy":"category","embeddable":true,"href":"https:\/\/aac-europe.org\/es\/wp-json\/wp\/v2\/categories?post=15555"},{"taxonomy":"post_tag","embeddable":true,"href":"https:\/\/aac-europe.org\/es\/wp-json\/wp\/v2\/tags?post=15555"}],"curies":[{"name":"wp","href":"https:\/\/api.w.org\/{rel}","templated":true}]}}

Respuesta de la Comisión Europea al Aviso del CCA-CCM sobre el informe económico del CCTEP sobre el sector acuícola de la UE (2025)
