{"id":14010,"date":"2023-11-15T14:56:04","date_gmt":"2023-11-15T14:56:04","guid":{"rendered":"https:\/\/aac-europe.org\/event\/extraordinary-general-assembly-wg3\/"},"modified":"2024-02-22T15:09:39","modified_gmt":"2024-02-22T15:09:39","slug":"extraordinary-general-assembly-wg3","status":"publish","type":"tribe_events","link":"https:\/\/aac-europe.org\/es\/event\/extraordinary-general-assembly-wg3\/","title":{"rendered":"Asamblea General Extraordinaria"},"content":{"rendered":"<p>Se proporcionar\u00e1 m\u00e1s informaci\u00f3n.<\/p>\n","protected":false},"excerpt":{"rendered":"<p>Se proporcionar\u00e1 m\u00e1s informaci\u00f3n.<\/p>\n","protected":false},"author":645,"featured_media":0,"comment_status":"closed","ping_status":"closed","template":"","meta":{"_tribe_events_status":"","_tribe_events_status_reason":""},"tags":[],"tribe_events_cat":[3346],"acf":[],"_links":{"self":[{"href":"https:\/\/aac-europe.org\/es\/wp-json\/wp\/v2\/tribe_events\/14010"}],"collection":[{"href":"https:\/\/aac-europe.org\/es\/wp-json\/wp\/v2\/tribe_events"}],"about":[{"href":"https:\/\/aac-europe.org\/es\/wp-json\/wp\/v2\/types\/tribe_events"}],"author":[{"embeddable":true,"href":"https:\/\/aac-europe.org\/es\/wp-json\/wp\/v2\/users\/645"}],"replies":[{"embeddable":true,"href":"https:\/\/aac-europe.org\/es\/wp-json\/wp\/v2\/comments?post=14010"}],"version-history":[{"count":6,"href":"https:\/\/aac-europe.org\/es\/wp-json\/wp\/v2\/tribe_events\/14010\/revisions"}],"predecessor-version":[{"id":14404,"href":"https:\/\/aac-europe.org\/es\/wp-json\/wp\/v2\/tribe_events\/14010\/revisions\/14404"}],"wp:attachment":[{"href":"https:\/\/aac-europe.org\/es\/wp-json\/wp\/v2\/media?parent=14010"}],"wp:term":[{"taxonomy":"post_tag","embeddable":true,"href":"https:\/\/aac-europe.org\/es\/wp-json\/wp\/v2\/tags?post=14010"},{"taxonomy":"tribe_events_cat","embeddable":true,"href":"https:\/\/aac-europe.org\/es\/wp-json\/wp\/v2\/tribe_events_cat?post=14010"}],"curies":[{"name":"wp","href":"https:\/\/api.w.org\/{rel}","templated":true}]}}

<p>Se proporcionará más información.</p>
