{"id":12076,"date":"2023-01-16T13:46:31","date_gmt":"2023-01-16T13:46:31","guid":{"rendered":"http:\/\/aac-europe.org\/news\/"},"modified":"2023-01-24T11:40:33","modified_gmt":"2023-01-24T11:40:33","slug":"nouvelles","status":"publish","type":"page","link":"https:\/\/aac-europe.org\/fr\/nouvelles\/","title":{"rendered":"Nouvelles"},"content":{"rendered":"<div class=\"pt-cv-wrapper\"><div class=\"cvp-live-filter cvp-search-box \" id=\"\" data-name=\"_search\" data-sid=\"13cd560c8n\"><label for='sf_1496' class=\"cvp-label\">Mots-cl\u00e9s<\/label><input type=\"text\" id=\"sf_1496\" name=\"_search\" value=\"\" data-nosubmit=\"true\" placeholder=\"\"\/><\/div><div class=\"cvp-live-filter cvp-dropdown \" id=\"\" data-name=\"tx_category\" data-sid=\"13cd560c8n\"><label class=\"cvp-label\">Cat\u00e9gorie<\/label><select name=\"tx_category\"><option value=\"\">All<\/option><option value=\"presse\" >Presse<span class=\"cvp-count\"> (1)<\/span><\/option><\/select><\/div><div class=\"pt-cv-view pt-cv-grid pt-cv-colsys pt-cv-same-height pt-cv-pgregular cvp-lfres\" id=\"pt-cv-view-13cd560c8n\"><div data-id=\"pt-cv-page-1\" class=\"pt-cv-page\" data-cvc=\"2\" data-cvct=\"2\" data-cvcm=\"1\"><div class=\"col-md-6 col-sm-6 col-xs-12 pt-cv-content-item pt-cv-1-col\"  data-pid=\"10704\"><div class='pt-cv-ifield'><a href=\"https:\/\/aac-europe.org\/fr\/news_item\/aquaculture-europeenne-soutenir-les-agriculteurs-de-l-eau\/\" class=\"_self pt-cv-href-thumbnail pt-cv-thumb-default cvplbd\" target=\"_self\" ><\/a>\n<h4 class=\"pt-cv-title post-category-presse\"><a href=\"https:\/\/aac-europe.org\/fr\/news_item\/aquaculture-europeenne-soutenir-les-agriculteurs-de-l-eau\/\" class=\"_self cvplbd\" target=\"_self\" >Aquaculture europ\u00e9enne : Soutenir les agriculteurs de l\u2019eau<\/a><\/h4>\n<div class=\"pt-cv-meta-fields\"><span class=\"entry-date\"> <time datetime=\"2018-06-20T14:48:34+00:00\">juin 20, 2018<\/time><\/span><span> \/ <\/span><span class=\"terms\"> Presse<\/span><\/div><\/div><\/div><\/div><\/div><\/div>\t\t\t<style type=\"text\/css\" id=\"pt-cv-inline-style-b3e9414q07\">#pt-cv-view-13cd560c8n .pt-cv-title a, #pt-cv-view-13cd560c8n  .panel-title { font-weight: 600 !important; }\n#pt-cv-view-13cd560c8n .pt-cv-carousel-caption  { background-color: rgba(51,51,51,.6) !important; }\n#pt-cv-view-13cd560c8n .pt-cv-specialp { background-color: #CC3333 !important }\n#pt-cv-view-13cd560c8n .pt-cv-specialp * { color: #fff !important; }\n#pt-cv-view-13cd560c8n .pt-cv-pficon  { color: #bbb !important; }\n#pt-cv-view-13cd560c8n .pt-cv-readmore  { color: #ffffff !important; background-color: #10a1a0 !important; }\n#pt-cv-view-13cd560c8n .pt-cv-readmore:hover  { color: #ffffff !important; background-color: #10a1a0 !important; }\n#pt-cv-view-13cd560c8n  + .pt-cv-pagination-wrapper .pt-cv-more , #pt-cv-view-13cd560c8n  + .pt-cv-pagination-wrapper .pagination .active a, .pt-cv-pagination[data-sid='13cd560c8n'] .active a { color: #ffffff !important; background-color: #10a1a0 !important; }<\/style>\r\n\t\t\t\n","protected":false},"excerpt":{"rendered":"Mots-cl\u00e9sCat\u00e9gorieAllPresse (1) Aquaculture europ\u00e9enne : Soutenir les agriculteurs de l\u2019eau juin 20, 2018 \/ Presse","protected":false},"author":1,"featured_media":0,"parent":0,"menu_order":0,"comment_status":"closed","ping_status":"closed","template":"","meta":[],"acf":[],"_links":{"self":[{"href":"https:\/\/aac-europe.org\/fr\/wp-json\/wp\/v2\/pages\/12076"}],"collection":[{"href":"https:\/\/aac-europe.org\/fr\/wp-json\/wp\/v2\/pages"}],"about":[{"href":"https:\/\/aac-europe.org\/fr\/wp-json\/wp\/v2\/types\/page"}],"author":[{"embeddable":true,"href":"https:\/\/aac-europe.org\/fr\/wp-json\/wp\/v2\/users\/1"}],"replies":[{"embeddable":true,"href":"https:\/\/aac-europe.org\/fr\/wp-json\/wp\/v2\/comments?post=12076"}],"version-history":[{"count":1,"href":"https:\/\/aac-europe.org\/fr\/wp-json\/wp\/v2\/pages\/12076\/revisions"}],"predecessor-version":[{"id":12084,"href":"https:\/\/aac-europe.org\/fr\/wp-json\/wp\/v2\/pages\/12076\/revisions\/12084"}],"wp:attachment":[{"href":"https:\/\/aac-europe.org\/fr\/wp-json\/wp\/v2\/media?parent=12076"}],"curies":[{"name":"wp","href":"https:\/\/api.w.org\/{rel}","templated":true}]}}

<div class="pt-cv-wrapper"><div class="cvp-live-filter cvp-search-box " id="" data-name="_search" data-sid="13cd560c8n"><label for='sf_1496' class="cvp-label">Mots-clés</label><input type="text" id="sf_1496" name="_search" value="" data-nosubmit="true" placeholder=""/></div><div class="cvp-live-filter cvp-dropdown " id="" data-name="tx_category" data-sid="13cd560c8n"><label class="cvp-label">Catégorie</label><select name="tx_category"><option value="">All</option><option value="presse" >Presse<span class="cvp-count"> (1)</span></option></select></div><div class="pt-cv-view pt-cv-grid pt-cv-colsys pt-cv-same-height pt-cv-pgregular cvp-lfres" id="pt-cv-view-13cd560c8n"><div data-id="pt-cv-page-1" class="pt-cv-page" data-cvc="2" data-cvct="2" data-cvcm="1"><div class="col-md-6 col-sm-6 col-xs-12 pt-cv-content-item pt-cv-1-col"  data-pid="10704"><div class='pt-cv-ifield'><a href="https://aac-europe.org/fr/news_item/aquaculture-europeenne-soutenir-les-agriculteurs-de-l-eau/" class="_self pt-cv-href-thumbnail pt-cv-thumb-default cvplbd" target="_self" ></a>
<h4 class="pt-cv-title post-category-presse"><a href="https://aac-europe.org/fr/news_item/aquaculture-europeenne-soutenir-les-agriculteurs-de-l-eau/" class="_self cvplbd" target="_self" >Aquaculture européenne : Soutenir les agriculteurs de l’eau</a></h4>
<div class="pt-cv-meta-fields"><span class="entry-date"> <time datetime="2018-06-20T14:48:34+00:00">juin 20, 2018</time></span><span> / </span><span class="terms"> Presse</span></div></div></div></div></div></div>			<style type="text/css" id="pt-cv-inline-style-b3e9414q07">#pt-cv-view-13cd560c8n .pt-cv-title a, #pt-cv-view-13cd560c8n  .panel-title { font-weight: 600 !important; }
#pt-cv-view-13cd560c8n .pt-cv-carousel-caption  { background-color: rgba(51,51,51,.6) !important; }
#pt-cv-view-13cd560c8n .pt-cv-specialp { background-color: #CC3333 !important }
#pt-cv-view-13cd560c8n .pt-cv-specialp * { color: #fff !important; }
#pt-cv-view-13cd560c8n .pt-cv-pficon  { color: #bbb !important; }
#pt-cv-view-13cd560c8n .pt-cv-readmore  { color: #ffffff !important; background-color: #10a1a0 !important; }
#pt-cv-view-13cd560c8n .pt-cv-readmore:hover  { color: #ffffff !important; background-color: #10a1a0 !important; }
#pt-cv-view-13cd560c8n  + .pt-cv-pagination-wrapper .pt-cv-more , #pt-cv-view-13cd560c8n  + .pt-cv-pagination-wrapper .pagination .active a, .pt-cv-pagination[data-sid='13cd560c8n'] .active a { color: #ffffff !important; background-color: #10a1a0 !important; }</style>

Mots-clésCatégorieAllPresse (1) Aquaculture européenne : Soutenir les agriculteurs de l’eau juin 20, 2018 / Presse
