{"id":10696,"date":"2018-05-03T15:35:20","date_gmt":"2018-05-03T15:35:20","guid":{"rendered":"https:\/\/aac-europe.org\/2018\/05\/03\/presentation-du-cca-au-comite-des-regions\/"},"modified":"2018-05-03T15:35:20","modified_gmt":"2018-05-03T15:35:20","slug":"presentation-du-cca-au-comite-des-regions","status":"publish","type":"publication","link":"https:\/\/aac-europe.org\/fr\/publication\/presentation-du-cca-au-comite-des-regions\/","title":{"rendered":"Pr\u00e9sentation du CCA au Comit\u00e9 des R\u00e9gions"},"content":{"rendered":"<p>M. Richie Flynn, Pr\u00e9sident du CCA, \u00e9tait invit\u00e9 \u00e0 donner une pr\u00e9sentation sur le CCA lors de l&rsquo;\u00e9v\u00e9nement conjoint de la Commission europ\u00e9enne et du Comit\u00e9 europ\u00e9en des R\u00e9gions le 2 f\u00e9vrier 2018<\/p>\n<p><!--more--><\/p>\n<p><strong><a href=\"http:\/\/aac-europe.org\/wp-content\/uploads\/2018\/05\/AAC_presentation_Com_regions_Feb_2018.pdf\">Cliquez ici pour t\u00e9l\u00e9charger la pr\u00e9sentation (anglais)<\/a><br \/><\/strong><\/p>\n","protected":false},"featured_media":0,"template":"","categories":[1363],"tags":[],"acf":[],"_links":{"self":[{"href":"https:\/\/aac-europe.org\/fr\/wp-json\/wp\/v2\/publication\/10696"}],"collection":[{"href":"https:\/\/aac-europe.org\/fr\/wp-json\/wp\/v2\/publication"}],"about":[{"href":"https:\/\/aac-europe.org\/fr\/wp-json\/wp\/v2\/types\/publication"}],"wp:attachment":[{"href":"https:\/\/aac-europe.org\/fr\/wp-json\/wp\/v2\/media?parent=10696"}],"wp:term":[{"taxonomy":"category","embeddable":true,"href":"https:\/\/aac-europe.org\/fr\/wp-json\/wp\/v2\/categories?post=10696"},{"taxonomy":"post_tag","embeddable":true,"href":"https:\/\/aac-europe.org\/fr\/wp-json\/wp\/v2\/tags?post=10696"}],"curies":[{"name":"wp","href":"https:\/\/api.w.org\/{rel}","templated":true}]}}

Présentation du CCA au Comité des Régions

<p>M. Richie Flynn, Président du CCA, était invité à donner une présentation sur le CCA lors de l&rsquo;événement conjoint de la Commission européenne et du Comité européen des Régions le 2 février 2018</p>
<p><!--more--></p>
<p><strong><a href="http://aac-europe.org/wp-content/uploads/2018/05/AAC_presentation_Com_regions_Feb_2018.pdf">Cliquez ici pour télécharger la présentation (anglais)</a><br /></strong></p>
