{"id":10697,"date":"2018-05-28T16:14:22","date_gmt":"2018-05-28T16:14:22","guid":{"rendered":"https:\/\/aac-europe.org\/2018\/05\/03\/projet-de-rapport-au-parlement-europeen-sur-l-aquaculture\/"},"modified":"2023-07-13T13:26:39","modified_gmt":"2023-07-13T13:26:39","slug":"projet-de-rapport-au-parlement-europeen-sur-l-aquaculture","status":"publish","type":"publication","link":"https:\/\/aac-europe.org\/fr\/publication\/projet-de-rapport-au-parlement-europeen-sur-l-aquaculture\/","title":{"rendered":"Rapport au Parlement europ\u00e9en sur l&rsquo;aquaculture"},"content":{"rendered":"<p><span style=\"font-family: arial, helvetica, sans-serif;\">Le rapport du Parlement europ\u00e9en par l&rsquo;Eurod\u00e9put\u00e9 Iturgaiz \u00ab\u00a0Vers un secteur europ\u00e9en de l&rsquo;aquaculture durable et comp\u00e9titif: \u00e9tat des lieux et d\u00e9fis \u00e0 venir\u00a0\u00bb.<\/span><\/p>\n<p><!--more--><\/p>\n<p><strong><a href=\"http:\/\/www.europarl.europa.eu\/sides\/getDoc.do?pubRef=-\/\/EP\/\/TEXT+REPORT+A8-2018-0186+0+DOC+XML+V0\/\/FR\" target=\"_blank\" rel=\"noopener\">T\u00e9l\u00e9charger ici.<\/a><\/strong><\/p>\n","protected":false},"featured_media":0,"template":"","categories":[1365],"tags":[3485,3438,3399,3417],"acf":[],"_links":{"self":[{"href":"https:\/\/aac-europe.org\/fr\/wp-json\/wp\/v2\/publication\/10697"}],"collection":[{"href":"https:\/\/aac-europe.org\/fr\/wp-json\/wp\/v2\/publication"}],"about":[{"href":"https:\/\/aac-europe.org\/fr\/wp-json\/wp\/v2\/types\/publication"}],"wp:attachment":[{"href":"https:\/\/aac-europe.org\/fr\/wp-json\/wp\/v2\/media?parent=10697"}],"wp:term":[{"taxonomy":"category","embeddable":true,"href":"https:\/\/aac-europe.org\/fr\/wp-json\/wp\/v2\/categories?post=10697"},{"taxonomy":"post_tag","embeddable":true,"href":"https:\/\/aac-europe.org\/fr\/wp-json\/wp\/v2\/tags?post=10697"}],"curies":[{"name":"wp","href":"https:\/\/api.w.org\/{rel}","templated":true}]}}

Rapport au Parlement européen sur l&rsquo;aquaculture

<p><span style="font-family: arial, helvetica, sans-serif;">Le rapport du Parlement européen par l&rsquo;Eurodéputé Iturgaiz « Vers un secteur européen de l&rsquo;aquaculture durable et compétitif: état des lieux et défis à venir ».</span></p>
<p><!--more--></p>
<p><strong><a href="http://www.europarl.europa.eu/sides/getDoc.do?pubRef=-//EP//TEXT+REPORT+A8-2018-0186+0+DOC+XML+V0//FR" target="_blank" rel="noopener">Télécharger ici.</a></strong></p>
