{"id":10870,"date":"2021-03-24T10:52:46","date_gmt":"2021-03-24T10:52:46","guid":{"rendered":"https:\/\/aac-europe.org\/2021\/03\/24\/recommandation-du-cca-sur-l-empreinte-climatique-du-systeme-alimentaire-de-l-ue\/"},"modified":"2023-07-13T12:56:29","modified_gmt":"2023-07-13T12:56:29","slug":"recommandation-du-cca-sur-l-empreinte-climatique-du-systeme-alimentaire-de-l-ue","status":"publish","type":"publication","link":"https:\/\/aac-europe.org\/fr\/publication\/recommandation-du-cca-sur-l-empreinte-climatique-du-systeme-alimentaire-de-l-ue\/","title":{"rendered":"Recommandation du CCA sur l&#8217;empreinte climatique du syst\u00e8me alimentaire de l&rsquo;UE"},"content":{"rendered":"<p>Le CCA a publi\u00e9 une Recommandation \u00e0 la Commission europ\u00e9enne et aux \u00c9tats membres sur l&#8217;empreinte climatique du syst\u00e8me alimentaire de l&rsquo;UE.<\/p>\n<p><!--more--><\/p>\n<p>&nbsp;<\/p>\n","protected":false},"featured_media":0,"template":"","categories":[1361],"tags":[3456,3437],"acf":[],"_links":{"self":[{"href":"https:\/\/aac-europe.org\/fr\/wp-json\/wp\/v2\/publication\/10870"}],"collection":[{"href":"https:\/\/aac-europe.org\/fr\/wp-json\/wp\/v2\/publication"}],"about":[{"href":"https:\/\/aac-europe.org\/fr\/wp-json\/wp\/v2\/types\/publication"}],"wp:attachment":[{"href":"https:\/\/aac-europe.org\/fr\/wp-json\/wp\/v2\/media?parent=10870"}],"wp:term":[{"taxonomy":"category","embeddable":true,"href":"https:\/\/aac-europe.org\/fr\/wp-json\/wp\/v2\/categories?post=10870"},{"taxonomy":"post_tag","embeddable":true,"href":"https:\/\/aac-europe.org\/fr\/wp-json\/wp\/v2\/tags?post=10870"}],"curies":[{"name":"wp","href":"https:\/\/api.w.org\/{rel}","templated":true}]}}

Recommandation du CCA sur l&#8217;empreinte climatique du système alimentaire de l&rsquo;UE

<p>Le CCA a publié une Recommandation à la Commission européenne et aux États membres sur l&#8217;empreinte climatique du système alimentaire de l&rsquo;UE.</p>
<p><!--more--></p>
<p>&nbsp;</p>
