{"id":10990,"date":"2022-09-07T12:25:45","date_gmt":"2022-09-07T12:25:45","guid":{"rendered":"https:\/\/aac-europe.org\/2022\/09\/14\/recommandation-sur-le-risque-d-emergence-de-pathogenes-des-mollusques-bivalves-en-lien-avec-le-changement-climatique\/"},"modified":"2023-07-13T12:12:23","modified_gmt":"2023-07-13T12:12:23","slug":"recommandation-sur-le-risque-d-emergence-de-pathogenes-des-mollusques-bivalves-en-lien-avec-le-changement-climatique","status":"publish","type":"publication","link":"https:\/\/aac-europe.org\/fr\/publication\/recommandation-sur-le-risque-d-emergence-de-pathogenes-des-mollusques-bivalves-en-lien-avec-le-changement-climatique\/","title":{"rendered":"Recommandation du CCA sur le risque d\u2019\u00e9mergence de pathog\u00e8nes des mollusques bivalves en lien avec le changement climatique"},"content":{"rendered":"<p>Le CCA a publi\u00e9 une recommandation \u00e0 la Commission europ\u00e9enne et aux \u00c9tats membres sur les risques d&rsquo;\u00e9mergence d&rsquo;agents pathog\u00e8nes des mollusques bivalves en relation avec le changement climatique.<\/p>\n<p><!--more--><\/p>\n<p>&nbsp;<\/p>\n","protected":false},"featured_media":0,"template":"","categories":[1361],"tags":[3395,3365,3392,3393,3391,3394],"acf":[],"_links":{"self":[{"href":"https:\/\/aac-europe.org\/fr\/wp-json\/wp\/v2\/publication\/10990"}],"collection":[{"href":"https:\/\/aac-europe.org\/fr\/wp-json\/wp\/v2\/publication"}],"about":[{"href":"https:\/\/aac-europe.org\/fr\/wp-json\/wp\/v2\/types\/publication"}],"wp:attachment":[{"href":"https:\/\/aac-europe.org\/fr\/wp-json\/wp\/v2\/media?parent=10990"}],"wp:term":[{"taxonomy":"category","embeddable":true,"href":"https:\/\/aac-europe.org\/fr\/wp-json\/wp\/v2\/categories?post=10990"},{"taxonomy":"post_tag","embeddable":true,"href":"https:\/\/aac-europe.org\/fr\/wp-json\/wp\/v2\/tags?post=10990"}],"curies":[{"name":"wp","href":"https:\/\/api.w.org\/{rel}","templated":true}]}}

Recommandation du CCA sur le risque d’émergence de pathogènes des mollusques bivalves en lien avec le changement climatique

<p>Le CCA a publié une recommandation à la Commission européenne et aux États membres sur les risques d&rsquo;émergence d&rsquo;agents pathogènes des mollusques bivalves en relation avec le changement climatique.</p>
<p><!--more--></p>
<p>&nbsp;</p>
