{"id":14498,"date":"2023-08-22T12:00:13","date_gmt":"2023-08-22T12:00:13","guid":{"rendered":"https:\/\/aac-europe.org\/publication\/reponse-de-la-commission-europeenne-a-la-recommandation-de-laac-sur-laquaculture-biologique\/"},"modified":"2024-03-08T11:02:11","modified_gmt":"2024-03-08T11:02:11","slug":"reponse-de-la-commission-europeenne-a-la-recommandation-du-cca-sur-laquaculture-biologique","status":"publish","type":"publication","link":"https:\/\/aac-europe.org\/fr\/publication\/reponse-de-la-commission-europeenne-a-la-recommandation-du-cca-sur-laquaculture-biologique\/","title":{"rendered":"R\u00e9ponse de la Commission europ\u00e9enne \u00e0 la recommandation du CCA sur l\u2019aquaculture biologique"},"content":{"rendered":"\n<p>DG MARE Politique maritime et \u00e9conomie bleue (MARE. A) R\u00e9ponse du directeur \u00e0 la recommandation du CCA sur l\u2019aquaculture biologique.<\/p>\n\n\n\n<p><\/p>\n","protected":false},"featured_media":0,"template":"","categories":[1365],"tags":[3667,3664,3665,3614,3666,3668,3633,3663,3662],"acf":[],"_links":{"self":[{"href":"https:\/\/aac-europe.org\/fr\/wp-json\/wp\/v2\/publication\/14498"}],"collection":[{"href":"https:\/\/aac-europe.org\/fr\/wp-json\/wp\/v2\/publication"}],"about":[{"href":"https:\/\/aac-europe.org\/fr\/wp-json\/wp\/v2\/types\/publication"}],"wp:attachment":[{"href":"https:\/\/aac-europe.org\/fr\/wp-json\/wp\/v2\/media?parent=14498"}],"wp:term":[{"taxonomy":"category","embeddable":true,"href":"https:\/\/aac-europe.org\/fr\/wp-json\/wp\/v2\/categories?post=14498"},{"taxonomy":"post_tag","embeddable":true,"href":"https:\/\/aac-europe.org\/fr\/wp-json\/wp\/v2\/tags?post=14498"}],"curies":[{"name":"wp","href":"https:\/\/api.w.org\/{rel}","templated":true}]}}

Réponse de la Commission européenne à la recommandation du CCA sur l’aquaculture biologique

<p>DG MARE Politique maritime et économie bleue (MARE. A) Réponse du directeur à la recommandation du CCA sur l’aquaculture biologique.</p>



<p></p>
