{"id":14897,"date":"2024-11-05T15:07:08","date_gmt":"2024-11-05T15:07:08","guid":{"rendered":"https:\/\/aac-europe.org\/publication\/note-d-information-du-cca-a-la-dg-mare-sur-le-document-d-orientation-sur-la-performance-environnementale\/"},"modified":"2024-11-05T15:20:42","modified_gmt":"2024-11-05T15:20:42","slug":"note-d-information-du-cca-a-la-dg-mare-sur-le-document-d-orientation-sur-la-performance-environnementale","status":"publish","type":"publication","link":"https:\/\/aac-europe.org\/fr\/publication\/note-d-information-du-cca-a-la-dg-mare-sur-le-document-d-orientation-sur-la-performance-environnementale\/","title":{"rendered":"Note d&rsquo;information du CCA \u00e0 la DG MARE sur le document d&rsquo;orientation sur la performance environnementale"},"content":{"rendered":"\n<p>Le CCA a r\u00e9dig\u00e9 une note d&rsquo;information \u00e0 l&rsquo;attention de la DG MARE avec les commentaires des membres du CCA sur le document d&rsquo;orientation sur la performance environnementale. Cette note a \u00e9t\u00e9 envoy\u00e9e avec la lettre du CCA \u00e0 la DG MARE sur les documents d&rsquo;orientation.<\/p>\n","protected":false},"featured_media":0,"template":"","categories":[3357],"tags":[3397,4118,4117,4116],"acf":[],"_links":{"self":[{"href":"https:\/\/aac-europe.org\/fr\/wp-json\/wp\/v2\/publication\/14897"}],"collection":[{"href":"https:\/\/aac-europe.org\/fr\/wp-json\/wp\/v2\/publication"}],"about":[{"href":"https:\/\/aac-europe.org\/fr\/wp-json\/wp\/v2\/types\/publication"}],"wp:attachment":[{"href":"https:\/\/aac-europe.org\/fr\/wp-json\/wp\/v2\/media?parent=14897"}],"wp:term":[{"taxonomy":"category","embeddable":true,"href":"https:\/\/aac-europe.org\/fr\/wp-json\/wp\/v2\/categories?post=14897"},{"taxonomy":"post_tag","embeddable":true,"href":"https:\/\/aac-europe.org\/fr\/wp-json\/wp\/v2\/tags?post=14897"}],"curies":[{"name":"wp","href":"https:\/\/api.w.org\/{rel}","templated":true}]}}

Note d&rsquo;information du CCA à la DG MARE sur le document d&rsquo;orientation sur la performance environnementale

<p>Le CCA a rédigé une note d&rsquo;information à l&rsquo;attention de la DG MARE avec les commentaires des membres du CCA sur le document d&rsquo;orientation sur la performance environnementale. Cette note a été envoyée avec la lettre du CCA à la DG MARE sur les documents d&rsquo;orientation.</p>
