{"id":14905,"date":"2024-11-06T09:36:59","date_gmt":"2024-11-06T09:36:59","guid":{"rendered":"https:\/\/aac-europe.org\/publication\/lettre-du-cca-au-commissaire-designe-costas-kadis-en-charge-de-la-peche-et-des-oceans\/"},"modified":"2024-11-06T09:47:24","modified_gmt":"2024-11-06T09:47:24","slug":"lettre-du-cca-au-commissaire-designe-costas-kadis-en-charge-de-la-peche-et-des-oceans","status":"publish","type":"publication","link":"https:\/\/aac-europe.org\/fr\/publication\/lettre-du-cca-au-commissaire-designe-costas-kadis-en-charge-de-la-peche-et-des-oceans\/","title":{"rendered":"Lettre du CCA au Commissaire d\u00e9sign\u00e9 Costas Kadis en charge de la p\u00eache et des oc\u00e9ans"},"content":{"rendered":"\n<p>Le CCA a \u00e9crit une lettre au Commissaire d\u00e9sign\u00e9 Costas Kadis en charge de la p\u00eache et des oc\u00e9ans pour pr\u00e9senter le conseil consultatif et demander un rendez-vous. <\/p>\n","protected":false},"featured_media":0,"template":"","categories":[3357],"tags":[3702,4123,3959],"acf":[],"_links":{"self":[{"href":"https:\/\/aac-europe.org\/fr\/wp-json\/wp\/v2\/publication\/14905"}],"collection":[{"href":"https:\/\/aac-europe.org\/fr\/wp-json\/wp\/v2\/publication"}],"about":[{"href":"https:\/\/aac-europe.org\/fr\/wp-json\/wp\/v2\/types\/publication"}],"wp:attachment":[{"href":"https:\/\/aac-europe.org\/fr\/wp-json\/wp\/v2\/media?parent=14905"}],"wp:term":[{"taxonomy":"category","embeddable":true,"href":"https:\/\/aac-europe.org\/fr\/wp-json\/wp\/v2\/categories?post=14905"},{"taxonomy":"post_tag","embeddable":true,"href":"https:\/\/aac-europe.org\/fr\/wp-json\/wp\/v2\/tags?post=14905"}],"curies":[{"name":"wp","href":"https:\/\/api.w.org\/{rel}","templated":true}]}}

Lettre du CCA au Commissaire désigné Costas Kadis en charge de la pêche et des océans

<p>Le CCA a écrit une lettre au Commissaire désigné Costas Kadis en charge de la pêche et des océans pour présenter le conseil consultatif et demander un rendez-vous. </p>
