{"id":14940,"date":"2024-11-26T13:29:06","date_gmt":"2024-11-26T13:29:06","guid":{"rendered":"https:\/\/aac-europe.org\/publication\/lettre-inter-cc-a-m-costas-kadis-sur-son-approbation-parlementaire-en-tant-que-commissaire-a-la-peche-et-aux-oceans\/"},"modified":"2024-11-26T13:38:29","modified_gmt":"2024-11-26T13:38:29","slug":"lettre-inter-cc-a-m-costas-kadis-sur-son-approbation-parlementaire-en-tant-que-commissaire-a-la-peche-et-aux-oceans","status":"publish","type":"publication","link":"https:\/\/aac-europe.org\/fr\/publication\/lettre-inter-cc-a-m-costas-kadis-sur-son-approbation-parlementaire-en-tant-que-commissaire-a-la-peche-et-aux-oceans\/","title":{"rendered":"Lettre inter-CC \u00e0 M. Costas Kadis sur son approbation parlementaire en tant que Commissaire charg\u00e9 de la p\u00eache et des oc\u00e9ans"},"content":{"rendered":"\n<p>Les onze Conseils Consultatifs ont \u00e9crit une lettre de f\u00e9licitations \u00e0 M. Costas Kadis pour son approbation parlementaire en tant que Commissaire en charge de la p\u00eache et des oc\u00e9ans. <\/p>\n","protected":false},"featured_media":0,"template":"","categories":[3357],"tags":[3702,4123,4109,4131,4004],"acf":[],"_links":{"self":[{"href":"https:\/\/aac-europe.org\/fr\/wp-json\/wp\/v2\/publication\/14940"}],"collection":[{"href":"https:\/\/aac-europe.org\/fr\/wp-json\/wp\/v2\/publication"}],"about":[{"href":"https:\/\/aac-europe.org\/fr\/wp-json\/wp\/v2\/types\/publication"}],"wp:attachment":[{"href":"https:\/\/aac-europe.org\/fr\/wp-json\/wp\/v2\/media?parent=14940"}],"wp:term":[{"taxonomy":"category","embeddable":true,"href":"https:\/\/aac-europe.org\/fr\/wp-json\/wp\/v2\/categories?post=14940"},{"taxonomy":"post_tag","embeddable":true,"href":"https:\/\/aac-europe.org\/fr\/wp-json\/wp\/v2\/tags?post=14940"}],"curies":[{"name":"wp","href":"https:\/\/api.w.org\/{rel}","templated":true}]}}

Lettre inter-CC à M. Costas Kadis sur son approbation parlementaire en tant que Commissaire chargé de la pêche et des océans

<p>Les onze Conseils Consultatifs ont écrit une lettre de félicitations à M. Costas Kadis pour son approbation parlementaire en tant que Commissaire en charge de la pêche et des océans. </p>
