{"id":15157,"date":"2025-02-21T22:07:58","date_gmt":"2025-02-21T22:07:58","guid":{"rendered":"https:\/\/aac-europe.org\/publication\/reponse-de-la-commission-europenne-a-la-recommandation-du-cca-sur-la-directive-cadre-strategie-pour-le-milieu-marin-de-l-union-europenne\/"},"modified":"2025-03-17T14:53:27","modified_gmt":"2025-03-17T14:53:27","slug":"reponse-de-la-commission-europenne-a-la-recommandation-du-cca-sur-la-directive-cadre-strategie-pour-le-milieu-marin-de-l-union-europenne","status":"publish","type":"publication","link":"https:\/\/aac-europe.org\/fr\/publication\/reponse-de-la-commission-europenne-a-la-recommandation-du-cca-sur-la-directive-cadre-strategie-pour-le-milieu-marin-de-l-union-europenne\/","title":{"rendered":"R\u00e9ponse de la Commission europ\u00e9enne \u00e0 la Recommandation du CCA sur la Directive-cadre \u00ab Strat\u00e9gie pour le milieu marin \u00bb de l\u2019Union Europ\u00e9enne"},"content":{"rendered":"","protected":false},"featured_media":0,"template":"","categories":[1365],"tags":[3702,4032,4033,4034,3709],"acf":[],"_links":{"self":[{"href":"https:\/\/aac-europe.org\/fr\/wp-json\/wp\/v2\/publication\/15157"}],"collection":[{"href":"https:\/\/aac-europe.org\/fr\/wp-json\/wp\/v2\/publication"}],"about":[{"href":"https:\/\/aac-europe.org\/fr\/wp-json\/wp\/v2\/types\/publication"}],"wp:attachment":[{"href":"https:\/\/aac-europe.org\/fr\/wp-json\/wp\/v2\/media?parent=15157"}],"wp:term":[{"taxonomy":"category","embeddable":true,"href":"https:\/\/aac-europe.org\/fr\/wp-json\/wp\/v2\/categories?post=15157"},{"taxonomy":"post_tag","embeddable":true,"href":"https:\/\/aac-europe.org\/fr\/wp-json\/wp\/v2\/tags?post=15157"}],"curies":[{"name":"wp","href":"https:\/\/api.w.org\/{rel}","templated":true}]}}

Réponse de la Commission européenne à la Recommandation du CCA sur la Directive-cadre « Stratégie pour le milieu marin » de l’Union Européenne
