{"id":15246,"date":"2025-05-26T09:57:16","date_gmt":"2025-05-26T09:57:16","guid":{"rendered":"https:\/\/aac-europe.org\/publication\/lettre-du-cca-concernant-les-retards-des-avis-de-l-efsa-sur-les-poissons-d-elevage-et-les-invertebres-ainsi-que-la-revision-du-bien-etre-animal\/"},"modified":"2025-05-26T10:12:59","modified_gmt":"2025-05-26T10:12:59","slug":"lettre-du-cca-concernant-les-retards-des-mandats-de-l-efsa-sur-les-poissons-d-elevage-et-les-invertebres-ainsi-que-la-revision-du-bien-etre-animal","status":"publish","type":"publication","link":"https:\/\/aac-europe.org\/fr\/publication\/lettre-du-cca-concernant-les-retards-des-mandats-de-l-efsa-sur-les-poissons-d-elevage-et-les-invertebres-ainsi-que-la-revision-du-bien-etre-animal\/","title":{"rendered":"Lettre du CCA concernant les retards des mandats de l\u2019EFSA sur les poissons d\u2019\u00e9levage et les invert\u00e9br\u00e9s, ainsi que la r\u00e9vision du bien-\u00eatre animal"},"content":{"rendered":"\n<p>Le CCA a \u00e9crit une lettre \u00e0 la DG MARE et \u00e0 la DG SANTE sur les retards des mandats de l&rsquo;EFSA sur les poissons d&rsquo;\u00e9levage et les invert\u00e9br\u00e9s, ainsi que sur la r\u00e9vision du bien-\u00eatre animal.<\/p>\n","protected":false},"featured_media":0,"template":"","categories":[3357],"tags":[3696,4200,4199,3959,3662],"acf":[],"_links":{"self":[{"href":"https:\/\/aac-europe.org\/fr\/wp-json\/wp\/v2\/publication\/15246"}],"collection":[{"href":"https:\/\/aac-europe.org\/fr\/wp-json\/wp\/v2\/publication"}],"about":[{"href":"https:\/\/aac-europe.org\/fr\/wp-json\/wp\/v2\/types\/publication"}],"wp:attachment":[{"href":"https:\/\/aac-europe.org\/fr\/wp-json\/wp\/v2\/media?parent=15246"}],"wp:term":[{"taxonomy":"category","embeddable":true,"href":"https:\/\/aac-europe.org\/fr\/wp-json\/wp\/v2\/categories?post=15246"},{"taxonomy":"post_tag","embeddable":true,"href":"https:\/\/aac-europe.org\/fr\/wp-json\/wp\/v2\/tags?post=15246"}],"curies":[{"name":"wp","href":"https:\/\/api.w.org\/{rel}","templated":true}]}}

Lettre du CCA concernant les retards des mandats de l’EFSA sur les poissons d’élevage et les invertébrés, ainsi que la révision du bien-être animal

<p>Le CCA a écrit une lettre à la DG MARE et à la DG SANTE sur les retards des mandats de l&rsquo;EFSA sur les poissons d&rsquo;élevage et les invertébrés, ainsi que sur la révision du bien-être animal.</p>
