{"id":15330,"date":"2025-07-09T14:29:18","date_gmt":"2025-07-09T14:29:18","guid":{"rendered":"https:\/\/aac-europe.org\/publication\/reponse-de-la-commission-europenne-a-la-recommandation-du-cca-sur-le-pacte-pour-les-oceans\/"},"modified":"2025-07-09T14:31:19","modified_gmt":"2025-07-09T14:31:19","slug":"reponse-de-la-commission-europenne-a-la-recommandation-du-cca-sur-le-pacte-pour-les-oceans","status":"publish","type":"publication","link":"https:\/\/aac-europe.org\/fr\/publication\/reponse-de-la-commission-europenne-a-la-recommandation-du-cca-sur-le-pacte-pour-les-oceans\/","title":{"rendered":"R\u00e9ponse de la Commission europ\u00e9enne \u00e0 la Recommandation du CCA sur le pacte pour les oc\u00e9ans"},"content":{"rendered":"","protected":false},"featured_media":0,"template":"","categories":[1365],"tags":[],"acf":[],"_links":{"self":[{"href":"https:\/\/aac-europe.org\/fr\/wp-json\/wp\/v2\/publication\/15330"}],"collection":[{"href":"https:\/\/aac-europe.org\/fr\/wp-json\/wp\/v2\/publication"}],"about":[{"href":"https:\/\/aac-europe.org\/fr\/wp-json\/wp\/v2\/types\/publication"}],"wp:attachment":[{"href":"https:\/\/aac-europe.org\/fr\/wp-json\/wp\/v2\/media?parent=15330"}],"wp:term":[{"taxonomy":"category","embeddable":true,"href":"https:\/\/aac-europe.org\/fr\/wp-json\/wp\/v2\/categories?post=15330"},{"taxonomy":"post_tag","embeddable":true,"href":"https:\/\/aac-europe.org\/fr\/wp-json\/wp\/v2\/tags?post=15330"}],"curies":[{"name":"wp","href":"https:\/\/api.w.org\/{rel}","templated":true}]}}

Réponse de la Commission européenne à la Recommandation du CCA sur le pacte pour les océans
