{"id":15345,"date":"2025-07-15T09:55:47","date_gmt":"2025-07-15T09:55:47","guid":{"rendered":"https:\/\/aac-europe.org\/publication\/reponse-du-commissaire-de-la-peche-et-des-oceans-a-la-lettre-de-l-inter-ac-sur-le-cadre-financier-pluriannuel\/"},"modified":"2025-07-15T10:02:47","modified_gmt":"2025-07-15T10:02:47","slug":"reponse-du-commissaire-de-la-peche-et-des-oceans-a-la-lettre-de-l-inter-ac-sur-le-cadre-financier-pluriannuel","status":"publish","type":"publication","link":"https:\/\/aac-europe.org\/fr\/publication\/reponse-du-commissaire-de-la-peche-et-des-oceans-a-la-lettre-de-l-inter-ac-sur-le-cadre-financier-pluriannuel\/","title":{"rendered":"R\u00e9ponse du Commissaire de la P\u00eache et des Oc\u00e9ans \u00e0 la lettre de l&rsquo;inter-CC sur le cadre financier pluriannuel"},"content":{"rendered":"","protected":false},"featured_media":0,"template":"","categories":[1365],"tags":[],"acf":[],"_links":{"self":[{"href":"https:\/\/aac-europe.org\/fr\/wp-json\/wp\/v2\/publication\/15345"}],"collection":[{"href":"https:\/\/aac-europe.org\/fr\/wp-json\/wp\/v2\/publication"}],"about":[{"href":"https:\/\/aac-europe.org\/fr\/wp-json\/wp\/v2\/types\/publication"}],"wp:attachment":[{"href":"https:\/\/aac-europe.org\/fr\/wp-json\/wp\/v2\/media?parent=15345"}],"wp:term":[{"taxonomy":"category","embeddable":true,"href":"https:\/\/aac-europe.org\/fr\/wp-json\/wp\/v2\/categories?post=15345"},{"taxonomy":"post_tag","embeddable":true,"href":"https:\/\/aac-europe.org\/fr\/wp-json\/wp\/v2\/tags?post=15345"}],"curies":[{"name":"wp","href":"https:\/\/api.w.org\/{rel}","templated":true}]}}

Réponse du Commissaire de la Pêche et des Océans à la lettre de l&rsquo;inter-CC sur le cadre financier pluriannuel
