{"id":15350,"date":"2025-07-16T07:47:37","date_gmt":"2025-07-16T07:47:37","guid":{"rendered":"https:\/\/aac-europe.org\/publication\/reponse-de-la-commission-europeenne-a-la-lettre-concernant-les-retards-des-mandats-de-lefsa-sur-les-poissons-d-elevage-et-les-invertebres-ainsi-que-la-revision-du-bien-etre-animal\/"},"modified":"2025-07-16T07:55:14","modified_gmt":"2025-07-16T07:55:14","slug":"reponse-de-la-commission-europeenne-a-la-lettre-du-cca-concernant-les-retards-des-mandats-de-lefsa-sur-les-poissons-d-elevage-et-les-invertebres-ainsi-que-la-revision-du-bien-etre-animal","status":"publish","type":"publication","link":"https:\/\/aac-europe.org\/fr\/publication\/reponse-de-la-commission-europeenne-a-la-lettre-du-cca-concernant-les-retards-des-mandats-de-lefsa-sur-les-poissons-d-elevage-et-les-invertebres-ainsi-que-la-revision-du-bien-etre-animal\/","title":{"rendered":"R\u00e9ponse de la Commission europ\u00e9enne \u00e0 la lettre du CCA concernant les retards des mandats de l\u2019EFSA sur les poissons d\u2019\u00e9levage et les invert\u00e9br\u00e9s, ainsi que la r\u00e9vision du bien-\u00eatre animal"},"content":{"rendered":"","protected":false},"featured_media":0,"template":"","categories":[1365],"tags":[4215,4216,3959,3632],"acf":[],"_links":{"self":[{"href":"https:\/\/aac-europe.org\/fr\/wp-json\/wp\/v2\/publication\/15350"}],"collection":[{"href":"https:\/\/aac-europe.org\/fr\/wp-json\/wp\/v2\/publication"}],"about":[{"href":"https:\/\/aac-europe.org\/fr\/wp-json\/wp\/v2\/types\/publication"}],"wp:attachment":[{"href":"https:\/\/aac-europe.org\/fr\/wp-json\/wp\/v2\/media?parent=15350"}],"wp:term":[{"taxonomy":"category","embeddable":true,"href":"https:\/\/aac-europe.org\/fr\/wp-json\/wp\/v2\/categories?post=15350"},{"taxonomy":"post_tag","embeddable":true,"href":"https:\/\/aac-europe.org\/fr\/wp-json\/wp\/v2\/tags?post=15350"}],"curies":[{"name":"wp","href":"https:\/\/api.w.org\/{rel}","templated":true}]}}

Réponse de la Commission européenne à la lettre du CCA concernant les retards des mandats de l’EFSA sur les poissons d’élevage et les invertébrés, ainsi que la révision du bien-être animal
