{"id":15386,"date":"2025-07-31T13:19:35","date_gmt":"2025-07-31T13:19:35","guid":{"rendered":"https:\/\/aac-europe.org\/publication\/recommandation-du-cca-sur-le-deuxieme-projet-de-rapport-sur-le-evaluation-a-mi-parcours-des-orientations-strategiques-pour-l-aquaculture-europeenne-et-des-plans-strategiques-pluriannuels\/"},"modified":"2025-09-04T08:06:49","modified_gmt":"2025-09-04T08:06:49","slug":"recommandation-du-cca-sur-le-deuxieme-projet-de-rapport-sur-le-evaluation-a-mi-parcours-des-orientations-strategiques-pour-l-aquaculture-europeenne-et-des-plans-strategiques-pluriannuels","status":"publish","type":"publication","link":"https:\/\/aac-europe.org\/fr\/publication\/recommandation-du-cca-sur-le-deuxieme-projet-de-rapport-sur-le-evaluation-a-mi-parcours-des-orientations-strategiques-pour-l-aquaculture-europeenne-et-des-plans-strategiques-pluriannuels\/","title":{"rendered":"Recommandation du CCA sur le deuxi\u00e8me projet de rapport sur l\u2019\u00e9valuation \u00e0 mi-parcours des orientations strat\u00e9giques pour l\u2019aquaculture europ\u00e9enne et des plans strat\u00e9giques pluriannuels"},"content":{"rendered":"\n<p>Le CCA a publi\u00e9 une Recommandation sur le deuxi\u00e8me projet de rapport sur l&rsquo;\u00e9valuation \u00e0 mi-parcours des orientations strat\u00e9giques pour l&rsquo;aquaculture europ\u00e9enne et des plans strat\u00e9giques pluriannuels.<\/p>\n","protected":false},"featured_media":15383,"template":"","categories":[3359],"tags":[3702,4206,4160,4220],"acf":[],"_links":{"self":[{"href":"https:\/\/aac-europe.org\/fr\/wp-json\/wp\/v2\/publication\/15386"}],"collection":[{"href":"https:\/\/aac-europe.org\/fr\/wp-json\/wp\/v2\/publication"}],"about":[{"href":"https:\/\/aac-europe.org\/fr\/wp-json\/wp\/v2\/types\/publication"}],"wp:featuredmedia":[{"embeddable":true,"href":"https:\/\/aac-europe.org\/fr\/wp-json\/wp\/v2\/media\/15383"}],"wp:attachment":[{"href":"https:\/\/aac-europe.org\/fr\/wp-json\/wp\/v2\/media?parent=15386"}],"wp:term":[{"taxonomy":"category","embeddable":true,"href":"https:\/\/aac-europe.org\/fr\/wp-json\/wp\/v2\/categories?post=15386"},{"taxonomy":"post_tag","embeddable":true,"href":"https:\/\/aac-europe.org\/fr\/wp-json\/wp\/v2\/tags?post=15386"}],"curies":[{"name":"wp","href":"https:\/\/api.w.org\/{rel}","templated":true}]}}

Recommandation du CCA sur le deuxième projet de rapport sur l’évaluation à mi-parcours des orientations stratégiques pour l’aquaculture européenne et des plans stratégiques pluriannuels

<p>Le CCA a publié une Recommandation sur le deuxième projet de rapport sur l&rsquo;évaluation à mi-parcours des orientations stratégiques pour l&rsquo;aquaculture européenne et des plans stratégiques pluriannuels.</p>
